of z.
7
Let o be 4/7*21/6. Suppose o*r = 4*n - 12, 2 = 3*n + r - 7. What are the prime factors of n?
3
Let f(d) be the first derivative of d**2/2 - 2*d + 1. List the prime factors of f(6).
2
Suppose 2*d + 4*v + 18 = 0, 4*d = d - v - 2. Suppose 5 = 2*c + d. Suppose -34 = -4*z + c*z. What are the prime factors of z?
17
Let q(j) be the third derivative of j**6/720 + j**5/15 + j**4/8 + 3*j**2. Let p(o) be the second derivative of q(o). What are the prime factors of p(-5)?
3
Let k(z) be the third derivative of 2/3*z**3 + 0 + 1/4*z**4 - 2*z**2 - 1/60*z**5 + 0*z. What are the prime factors of k(4)?
2, 3
Suppose 0 = -o - 18 + 97. List the prime factors of o.
79
Let p be (128/12)/((-2)/(-6)). Suppose 34 = 3*z - p. List the prime factors of z.
2, 11
Suppose 2 = -2*v - 4*h, 5*v + 4*h = 9*h - 50. Let g(s) = s**2 + 7*s + 4. Let u be g(v). Suppose 0 = u*t - 10 - 6. List the prime factors of t.
2
Let z(g) = g**3 - 7*g**2 - 2*g + 9. Let h be z(7). Let j = h - -8. List the prime factors of j.
3
Suppose 7*c + 0*c - 1638 = 0. List the prime factors of c.
2, 3, 13
Let x be (-115)/(-25) + (-4)/(-10). Suppose -5*g = -d - 16 - 15, d = -x*g + 39. What are the prime factors of g?
7
List the prime factors of 4/(-4) + 22 - -2.
23
Suppose 8*u = 2*u - 306. What are the prime factors of (-2 + 3)*u/(-3)?
17
Let z(n) = 3*n - 9. Let q be z(6). Let g be (-3)/((-9)/6) + 0. Suppose -m + g = -q. List the prime factors of m.
11
Let k be 2 + (-1)/2*-2. Suppose -5*y = -w + 5*w - 66, y + k*w - 22 = 0. Suppose -t + 2*t = y. List the prime factors of t.
2, 5
What are the prime factors of (-2)/(-2)*(37 - 0/(-5))?
37
Let w = 155 + -89. List the prime factors of w.
2, 3, 11
Let w(u) be the first derivative of -u**4/4 + u**2/2 + 2*u - 1. Let x be w(0). Let z(o) = 3*o**2 - 2*o - 1. What are the prime factors of z(x)?
7
Let t be (-16)/(-40) + 1286/10. Suppose -2*n + 0*n + 63 = -k, -4*n + t = -5*k. What are the prime factors of n?
31
Suppose 4*l + 4*h - 6*h = -30, 4*l + 5 = -3*h. What are the prime factors of ((-21)/5)/(1/l)?
3, 7
What are the prime factors of (-14)/(-28) + 4/((-8)/(-327))?
2, 41
Let w(r) = r**2 - 5*r - 2. Let v be w(6). Let i(u) = u**2 + 6. Let a(j) = -j**2 + j - 6. Let x(g) = -3*a(g) - 2*i(g). What are the prime factors of x(v)?
2, 5
Suppose 7*s + 55 = 1105. What are the prime factors of s?
2, 3, 5
Let c(a) = a**2 + 5*a - 1. Suppose 0 = -5*s + 2*v + 14 - 92, s - v + 15 = 0. Let q = 10 + s. What are the prime factors of c(q)?
5
Suppose -2*k = 4*f - 86, 6*k - 6 = 4*k. What are the prime factors of f?
2, 5
Let w(b) = b**2 + 5*b + 2. Let j be w(-5). Suppose -5 - j = -u. What are the prime factors of u?
7
Let z = 4 - 2. Let c(q) = -z*q - 4 + 4*q - 2. What are the prime factors of c(6)?
2, 3
Suppose -5 - 3 = -4*q. Let v(m) = -m. Let r(f) = -2*f**2 - 3*f - 1. Let u(k) = -r(k) + v(k). What are the prime factors of u(q)?
13
Let t = -95 + 128. What are the prime factors of t?
3, 11
Suppose 0 = -8*t + 4*t + 220. What are the prime factors of t?
5, 11
Let f = 36 + 156. List the prime factors of f.
2, 3
Let f be ((-9)/3)/(-3) - -4. Suppose -3*h - 2*h - 3*q = -105, 3*q + 75 = f*h. What are the prime factors of h?
2, 3
Let v(p) = 2*p - 1. Suppose 6*z - 6 = 4*z. Let m be v(z). Suppose -r + 55 = 3*r - m*y, 2*y = -2*r + 32. What are the prime factors of r?
3, 5
Let h(c) = -c**2 + 21*c - 3. What are the prime factors of h(19)?
5, 7
List the prime factors of ((-2 + -170)/(-4))/1.
43
Let y be 0/(1 - (3 - 1)). Suppose y = 4*f - 7 - 13. List the prime factors of f.
5
Suppose 2*q - 81 = 5*q. Let z = -14 - q. List the prime factors of z.
13
Let p(b) = 2*b**2 + b + 5. Let y be p(-6). List the prime factors of 4/16 + y/4.
2, 3
Suppose 0 = -q + 4*q + 3. Let n(v) = 11*v**3 - 2*v - 1. Let p be n(q). Let h(u) = u**3 + 10*u**2 + 14. List the prime factors of h(p).
2, 7
Let l(b) = -b**3 - 14*b**2 - 14*b + 3. List the prime factors of l(-14).
199
Let t(p) = -p**2 + 20. List the prime factors of t(0).
2, 5
Suppose 4*q + 5*w - 60 = 0, -3*q - 2*w = -4*w - 22. Suppose -6*n - 84 = -q*n. List the prime factors of n.
3, 7
Let d(t) = -t**3 - 3*t**2 + 2*t - 6. Let b be d(-4). List the prime factors of 15/2 + b/4.
2
Let f be ((-2)/6)/(3/(-126)). Suppose -5*p = -1 - f. What are the prime factors of p?
3
Let y(b) = 2*b - 4. Let x be y(3). Suppose x*n = n + 3*r - 4, -r = -5*n + 22. What are the prime factors of 0/(-1) + n + -1?
2
Suppose 4*z = -z + g + 15, 5*g - 3 = -z. Let x = -30 - -22. Let t = z - x. What are the prime factors of t?
11
Suppose 5*n - 11 = 2*b, -4*b = n - 1 + 12. Let f = 30 - b. List the prime factors of f.
3, 11
List the prime factors of 163 - (-8 + 5 - -3).
163
Let m = 2 + 7. What are the prime factors of m?
3
Let j(s) = -s**3 - 10*s**2 - 5*s - 7. What are the prime factors of j(-10)?
43
Suppose 2*m + 52 = -2*l, l = -4*l - 25. Let d = 38 + m. List the prime factors of d.
17
Suppose 6*y = y + 130. Suppose 2*u - 4*u + y = 0. List the prime factors of u.
13
Let v = 154 + -92. What are the prime factors of v?
2, 31
Suppose 5*w - n = w + 127, n = -w + 28. What are the prime factors of w?
31
Suppose 5*r = 4*j - 297, 0 = -5*j + 4*r + 292 + 77. What are the prime factors of j?
73
Let r(h) = 13*h - 5. What are the prime factors of r(2)?
3, 7
Let x = 6 - -9. Let t be (-6)/x + (-4)/(-10). Suppose 5*y - 3*u - u - 15 = 0, t = 4*u. List the prime factors of y.
3
Suppose 0 = -3*y + 3*g + 93, 3*y = -3*g - 23 + 134. List the prime factors of y.
2, 17
Suppose 9*y + 3*d - 295 = 4*y, -y + 41 = -3*d. What are the prime factors of y?
2, 7
What are the prime factors of 3/(-5) + 156/10?
3, 5
Let q(u) = u. Let x be q(0). Suppose -3*s = -x*s. Suppose -k + 5*k + 3*m = 45, s = k - 4*m + 3. What are the prime factors of k?
3
Let t be 66/15 + 4/(-10). Let b = 4 - 2. What are the prime factors of (b/t)/(6/144)?
2, 3
Let n(r) = 2*r - 4. Let d be 0 + (-2)/(6/9). Let g = d + 9. What are the prime factors of n(g)?
2
Let b(m) = -m**2 - 13*m - 4. Let d be b(-11). Suppose -x - 42 + d = -3*g, 5*x + 16 = 2*g. List the prime factors of (-2)/g - (-228)/16.
2, 7
Suppose u = 5*u. Let c = u - -1. List the prime factors of (20/(-6))/(c/(-3)).
2, 5
Let k(r) be the third derivative of r**5/30 + r**4/24 - r**3/3 + r**2. What are the prime factors of k(3)?
19
Suppose 90 = 5*o - 0*o. Suppose -p - w = -50, -p = -2*p - 3*w + 54. Suppose 5*k + o = p. What are the prime factors of k?
2, 3
Let j(n) = -15*n + 61. List the prime factors of j(-10).
211
Let n(g) = 4*g + 1. Let w be n(8). Let y be (-1)/(w/(-32) + 1). What are the prime factors of (-1)/(-3) + y/12?
3
Suppose 0*m - 228 = -3*m + w, 3*w - 216 = -3*m. List the prime factors of m.
3, 5
Let v = -5 + 28. List the prime factors of v.
23
What are the prime factors of (-110)/(-4)*(-2 - -4) + 3?
2, 29
Suppose -8*z + 183 = -5*z. What are the prime factors of z?
61
Let g be 0 + -3 + 39 - -1. Suppose 2*j + u = g, -43 = -2*j + 3*u + 6. Suppose k - j = -k. What are the prime factors of k?
2, 5
Suppose -6*v + 415 = 3*j - v, 4*j - 4*v = 596. List the prime factors of j.
5, 29
Suppose 0 = 3*w - 8*w + 1315. What are the prime factors of w?
263
Let u = 161 + 165. What are the prime factors of u?
2, 163
Let j be (-35)/(-11) + 6/(-33). Suppose b + j*b - 32 = 0. Let t = 20 - b. What are the prime factors of t?
2, 3
Suppose -15 = -5*j - 0*j. Suppose b = -j*b + 60. List the prime factors of (3 - 0)/(b/65).
13
Let t(h) = 53*h - 1. Let g be t(1). List the prime factors of ((-6)/(-4))/(6/g).
13
List the prime factors of (-7)/((-7)/2) + 11.
13
Let z = -3 - -5. Suppose -z*m + 22 = -36. Suppose -3*h + 7 = 2*y, y - m - 2 = 4*h. What are the prime factors of y?
11
Let z = -43 - -64. What are the prime factors of z?
3, 7
Let h be (4 - 3)*-1*5. Let b = h + 9. Let i(r) = -r**2 + 7*r + 3. What are the prime factors of i(b)?
3, 5
Let h = 274 - 117. List the prime factors of h.
157
Suppose -4*q - 15 = b, 4*q + 0 + 5 = -3*b. Let a = q + 8. What are the prime factors of a?
3
Suppose j = -2*j. Let z(t) = -t**3 - 3*t**2 - 1. Let v be z(-2). What are the prime factors of (v - (-2 - j))*-4?
2, 3
Let c = -59 + 63. Suppose 2 = m - 3. Let n = m + c. List the prime factors of n.
3
Let b(l) = -l - 6. Let j(i) = 2*i + 11. Let z be j(-12). List the prime factors of b(z).
7
Suppose 2*h - 7 = -4*v + 5, 0 = 4*h - 8. Suppose -4*r + 2*u = -v*u, 3